+ 50?
304857
In base 6, what is 4140134 - 4?
4140130
In base 7, what is 20032 + -222321?
-202256
In base 3, what is -10212210 + 1210102?
-2002101
In base 10, what is -528 - 68515?
-69043
In base 8, what is 6 - 1244555?
-1244547
In base 5, what is 404 - -4432404?
4433313
In base 2, what is 11110100 - 11001101?
100111
In base 11, what is -5a0a4 - -200?
-599a4
In base 2, what is 1111000001 + -110101101010001?
-110011110010000
In base 7, what is 50620620 - -1?
50620621
In base 8, what is -5141125 + 0?
-5141125
In base 5, what is 1223 - -2030400?
2032123
In base 16, what is 44 + -140531?
-1404ed
In base 7, what is 654644231 - 1?
654644230
In base 14, what is -277 + -64c2?
-6759
In base 16, what is -2d735 - -4fe?
-2d237
In base 6, what is 3434 - 230352?
-222514
In base 14, what is -7c99 - 6ac2?
-1097b
In base 3, what is 2111 - -202102010120000?
202102010122111
In base 4, what is 223 - 11331113?
-11330230
In base 16, what is 11 + -96d34f?
-96d33e
In base 14, what is -16826b09 + -2?
-16826b0b
In base 13, what is -1c73 + -90b?
-2881
In base 3, what is 1 + -20120000202200221?
-20120000202200220
In base 10, what is 1534 + 65368?
66902
In base 4, what is -133200313002 - 2?
-133200313010
In base 14, what is 107 + -5c9a6?
-5c89d
In base 9, what is -11840 - -2767?
-8062
In base 11, what is 23 + -70016?
-6aaa3
In base 10, what is 2 + -74325155?
-74325153
In base 3, what is 12020210002 - 110?
12020202122
In base 4, what is -3 + 2313131120000?
2313131113331
In base 15, what is -2ea8d + -e3?
-2eb81
In base 9, what is -1 - 6765503?
-6765504
In base 15, what is -20c9 - 5785?
-785e
In base 4, what is 10 - -122022202003?
122022202013
In base 9, what is -4235 - -123254?
118018
In base 5, what is 24041023203 - 2?
24041023201
In base 13, what is -467456a + -5?
-4674572
In base 14, what is 43b46 + 116?
43c5c
In base 2, what is 100100100100001101101111 - 10100?
100100100100001101011011
In base 9, what is 1 + 17363285?
17363286
In base 5, what is 3220200203 + 10?
3220200213
In base 12, what is -1a659 - -46?
-1a613
In base 4, what is 20 + -3212110121?
-3212110101
In base 3, what is 120011221221210 - -2002?
120011222000212
In base 13, what is b4138c + 18?
b413a7
In base 5, what is 1040021 + -443240?
41231
In base 12, what is 1 + -27b4659?
-27b4658
In base 9, what is -11 - -765443?
765432
In base 13, what is 35 + 1036c?
103a4
In base 9, what is 0 - -24553371?
24553371
In base 3, what is 1210100 - 210002020?
-201021220
In base 3, what is 12021121111 - -201120201?
20000012012
In base 14, what is -1aa2d - -1a70?
-18d9d
In base 15, what is -11375 + -16?
-1138b
In base 13, what is -164 + 1774b?
175b7
In base 8, what is -7737 + 15122?
5163
In base 9, what is -23 - 3470453?
-3470476
In base 14, what is 9d306 - -52?
9d358
In base 11, what is 10776855 - 0?
10776855
In base 10, what is -32942350 - -6?
-32942344
In base 14, what is -11a - -1221d?
12103
In base 15, what is 27 + -aa186e?
-aa1847
In base 5, what is -103131000 - 1422?
-103132422
In base 2, what is 1011011100110110011111011 + 100?
1011011100110110011111111
In base 14, what is -90440d + -38?
-904447
In base 2, what is -101000010000000 - -1100001010?
-100110101110110
In base 7, what is 3105240 + -162?
3105045
In base 11, what is -59 + -51050?
-510a9
In base 7, what is 6321 + 55334?
64655
In base 5, what is -1 + -20014224024?
-20014224030
In base 11, what is -4 - 3522056?
-352205a
In base 16, what is -1b5c - -b8?
-1aa4
In base 4, what is -21210031102 - 320?
-21210032022
In base 9, what is 2 - 10264265?
-10264263
In base 6, what is -5 + 2313054001?
2313053552
In base 15, what is -3d8 - 3566?
-394e
In base 7, what is -5305 - 1055612?
-1064220
In base 13, what is -1a8 - -428125?
427c4a
In base 3, what is 212020212 - 110121?
211210021
In base 10, what is -692 + 9244?
8552
In base 15, what is 3e - cbc40?
-cbc01
In base 12, what is 1858a - 149?
18441
In base 7, what is 2 + 10022254250?
10022254252
In base 15, what is 1d9 - db13d?
-dae54
In base 10, what is -5 + 90991?
90986
In base 4, what is -12132201011 + -3?
-12132201020
In base 10, what is 34899 - 1934?
32965
In base 7, what is 45 + 6436533?
6436611
In base 10, what is -2288488 - -5?
-2288483
In base 6, what is -52 + 21455331?
21455235
In base 5, what is 0 + 32433303?
32433303
In base 12, what is 153a53 + -2b?
153a24
In base 14, what is -1 - 28002c?
-28002d
In base 15, what is -4be63 - 204?
-4c167
In base 8, what is 42472745 - -71?
42473036
In base 13, what is 1c6583 - -38b?
1c6941
In base 2, what is -1011001011110101100011010110 + -11?
-1011001011110101100011011001
In base 6, what is 3031 - 25315?
-22244
In base 12, what is -ab + 172133?
172044
In base 4, what is 20 - -1221202132101?
1221202132121
In base 16, what is 0 - bc410bf?
-bc410bf
In base 3, what is -1021102110021 - 1102?
-1021102111200
In base 11, what is 0 - 1a82a25?
-1a82a25
In base 3, what is -222020211122 - -2002?
-222020202120
In base 15, what is -55538a + -9e?
-555439
In base 7, what is -33306511 - -2?
-33306506
In base 5, what is 2044 - -110312142?
110314241
In base 7, what is 21 + -263226020?
-263225666
In base 6, what is 2112 + 10324352?
10330504
In base 5, what is -10141143 + -11030?
-10202223
In base 9, what is 73215 + 1441?
74656
In base 16, what is bbee1c2 - -1?
bbee1c3
In base 3, what is 2222111 - 202210011?
-122210200
In base 6, what is 125354203 - 134?
125354025
In base 10, what is 2026839 + 16?
2026855
In base 8, what is 44 + 13371561?
13371625
In base 8, what is -3 - 352515217?
-352515222
In base 3, what is -1210120222 + -1001101?
-1211122100
In base 7, what is 1114 + -13242515?
-13241401
In base 15, what is 3a - 3ab22?
-3aad7
In base 2, what is -11011 - -10110111010110000010?
10110111010101100111
In base 8, what is 11 + -707411?
-707400
In base 3, what is -1012200200100 - -1021220?
-1012122101110
In base 6, what is -5243 + 23042?
13355
In base 8, what is -10360 + 26714?
16334
In base 15, what is 1 - -17923b8?
17923b9
In base 7, what is -33 + 124452150?
124452114
In base 7, what is 126 + -24014?
-23555
In base 5, what is -23021223332 - 0?
-23021223332
In base 6, what is -3304341 - -520?
-3303421
In base 12, what is -198 + 184a2?
18306
In base 3, what is 12 - -2012002002000?
2012002002012
In base 2, what is 11110111010000 - -1011101000101100?
1111011111111100
In base 15, what is 4 - 4a3977?
-4a3973
In base 8, what is 730365 - 3741?
724424
In base 15, what is 36d2 - -7107?
a7d9
In base 5, what is 10324012113 + 3?
10324012121
In base 6, what is 2515120100 + -4?
2515120052
In base 15, what is 1 + -13d41c1?
-13d41c0
In base 9, what is 1811768 - 48?
1811720
In base 8, what is 2 + 1212571144?
1212571146
In base 3, what is 1122220211100110200 - -2?
1122220211100110202
In base 3, what is -202202220202220 - 12?
-202202220210002
In base 12, what is -390 - -28a385?
289bb5
In base 3, what is -20101212 + 12120200002?
12100021020
In base 12, what is -5191150 - -2?
-519114a
In base 8, what is 122 - 63630?
-63506
In base 13, what is -4 + 21a4b7?
21a4b3
In base 3, what is -11110 + 11022002122002?
11022002110122
In base 5, what is -1 - -22414200322?
22414200321
In base 4, what is -1 - -3012130222210?
3012130222203
In base 10, what is -117026 + 144?
-116882
In base 12, what is a + -2540619?
-254060b
In base 16, what is 0 + b6929a?
b6929a
In base 11, what is -171a69 + 195?
-171884
In base 16, what is -64 + -2967?
-29cb
In base 2, what is 10001100111011 - 1001111001011?
111101110000
In base 6, what is 5422 + 1035114?
1044540
In base 15, what is 3 + -b2e86a?
-b2e867
In base 6, what is 10110142144 + 5?
10110142153
In base 7, what is -410640255 + 2?
-410640253
In base 8, what is -140612 - -1271?
-137321
In base 9, what is -85568 + -3105?
-88674
In base 16, what is 0 - -3e5de3?
3e5de3
In base 15, what is -19ab5 + -447?
-1a00c
In base 3, what is 1000100102000020 + 0?
1000100102000020
In base 2, what is 100100110011111000010100000 + 10110?
100100110011111000010110110
In base 14, what is -2 - -158d1219?
158d1217
In base 4, what is 0 - 12331131032211?
-12331131032211
In base 15, what is -23 + -2d5ee?
-2d622
In base 4, what is 3101203011012 + -30?
3101203010322
In base 14, what is -21b + c6d5?
c4b8
In base 10, what is -144 - 14842?
-14986
In base 7, what is 111214565 - 42?
111214523
In base 16, what is 3842b0 - 4?
3842ac
In ba